True
Does 67 divide 1388086637?
True
Is 31 a factor of 6326330884?
False
Does 466 divide 61597386?
False
Is 15908126 a multiple of 614?
True
Is 3816015 a multiple of 105?
True
Does 1020 divide 29559600?
True
Does 16 divide 773266265?
False
Is 504021258 a multiple of 234?
True
Is 145 a factor of 41154996?
False
Is 43 a factor of 33150860?
False
Does 366 divide 11028188?
False
Is 377467220 a multiple of 52?
True
Is 13731355 a multiple of 27?
False
Is 93393534 a multiple of 2140?
False
Is 19 a factor of 29464155?
True
Is 848464440 a multiple of 30?
True
Does 104 divide 386403160?
True
Is 79854569 a multiple of 70?
False
Is 3208 a factor of 685149211?
False
Is 121645 a multiple of 5?
True
Is 24755360 a multiple of 224?
True
Is 429 a factor of 149675526?
True
Is 36 a factor of 1923191820?
True
Is 1094449 a multiple of 54?
False
Does 406 divide 77943068?
True
Is 2424 a factor of 33383328?
True
Does 16 divide 25410198?
False
Is 365 a factor of 5037730?
True
Is 139 a factor of 8917122?
False
Is 7 a factor of 11224668?
True
Is 642030041 a multiple of 7?
False
Is 5 a factor of 924180209?
False
Is 396339875 a multiple of 1525?
True
Is 8 a factor of 184038488?
True
Does 38 divide 167043288?
True
Does 54 divide 631267128?
True
Is 450 a factor of 61556592?
False
Does 33 divide 98141128?
False
Is 13 a factor of 2772028?
False
Is 1360457830 a multiple of 34?
False
Is 17 a factor of 66044169?
False
Is 14259056 a multiple of 272?
True
Is 1666 a factor of 322488974?
False
Does 22 divide 5332624?
True
Is 36 a factor of 3551911?
False
Is 29 a factor of 97050517?
False
Does 522 divide 1111228588?
False
Is 180636330 a multiple of 14?
True
Is 129 a factor of 82722927?
True
Does 14 divide 161526945?
False
Does 10 divide 92765010?
True
Does 24 divide 57203589?
False
Is 1466237 a multiple of 10?
False
Is 5 a factor of 8191595?
True
Does 64 divide 726229611?
False
Is 43216867 a multiple of 45?
False
Does 3564 divide 317563339?
False
Does 82 divide 2446060?
True
Does 44 divide 40486776?
True
Is 15 a factor of 233183415?
True
Does 439 divide 57851066?
False
Is 871 a factor of 1014087871?
False
Is 22379840 a multiple of 448?
True
Is 377 a factor of 11325203?
False
Is 412615319 a multiple of 3277?
False
Is 478419240 a multiple of 312?
True
Is 939323 a multiple of 56?
False
Is 4361595920 a multiple of 380?
True
Is 1191 a factor of 60763629?
True
Is 835 a factor of 58461990?
False
Is 170 a factor of 1598479910?
True
Is 22 a factor of 71345943?
False
Is 888 a factor of 221952511?
False
Is 32 a factor of 3518606?
False
Does 709 divide 3125773234?
False
Is 1347 a factor of 35925776?
False
Does 296 divide 14961157?
False
Is 1830 a factor of 33136297?
False
Is 5205459 a multiple of 174?
False
Is 23 a factor of 18968793?
False
Does 537 divide 93182388?
True
Is 42546494 a multiple of 5533?
False
Does 102 divide 72564487?
False
Is 370894734 a multiple of 777?
True
Is 11325120 a multiple of 160?
True
Is 1536033849 a multiple of 20?
False
Is 67479922 a multiple of 13?
False
Is 1605527481 a multiple of 232?
False
Is 36967052 a multiple of 1588?
True
Is 37 a factor of 827979229?
True
Does 2520 divide 132405840?
True
Is 139658880 a multiple of 96?
True
Is 2655 a factor of 182884365?
True
Is 6543461 a multiple of 40?
False
Is 657287480 a multiple of 502?
False
Is 1111 a factor of 17431397?
False
Is 1243 a factor of 3909556937?
True
Does 795 divide 40251744?
False
Does 130 divide 22758110?
False
Does 925 divide 16992250?
True
Does 1820 divide 10697960?
True
Is 2 a factor of 135966?
True
Does 449 divide 20649510?
True
Does 19 divide 534356836?
True
Does 518 divide 24678231?
False
Does 213 divide 99600078?
True
Does 781 divide 6566648?
True
Is 282537483 a multiple of 109?
True
Does 767 divide 49534155?
False
Is 142611612 a multiple of 1066?
True
Is 165 a factor of 3843615022?
False
Is 20 a factor of 35866680?
True
Is 1392 a factor of 18864384?
True
Is 9 a factor of 2198276964?
True
Is 49937264 a multiple of 4?
True
Is 19 a factor of 177057238?
True
Is 96 a factor of 11083229?
False
Is 68 a factor of 313870320?
True
Is 74393927 a multiple of 13?
False
Does 936 divide 282753680?
False
Does 45 divide 700580160?
True
Does 68 divide 7373988?
True
Is 1901330890 a multiple of 66?
False
Is 10 a factor of 167209320?
True
Is 538 a factor of 105182228?
True
Is 46 a factor of 53269426?
True
Does 155 divide 1140921830?
True
Is 443579197 a multiple of 12?
False
Does 2758 divide 72587379?
False
Is 38 a factor of 1714714?
False
Is 3309172556 a multiple of 2488?
False
Is 8 a factor of 49910848?
True
Is 3515616 a multiple of 104?
True
Is 8637100 a multiple of 25?
True
Does 834 divide 1788631320?
False
Is 451063200 a multiple of 700?
True
Is 2936 a factor of 339729666?
False
Does 20 divide 139954260?
True
Is 88420395 a multiple of 285?
True
Does 150 divide 151455750?
True
Does 6953 divide 1020429233?
True
Is 4323558 a multiple of 5?
False
Does 7 divide 75127840?
False
Is 134 a factor of 152545198?
True
Does 50 divide 50071450?
True
Is 329812526 a multiple of 38?
True
Is 72 a factor of 10584072?
True
Does 59 divide 118768770?
True
Is 377632610 a multiple of 2623?
False
Does 10 divide 57985400?
True
Is 89635743 a multiple of 46?
False
Is 37 a factor of 575920799?
True
Does 154 divide 48760658?
False
Does 212 divide 246933058?
False
Is 14080913 a multiple of 217?
True
Does 1105 divide 1029063295?
True
Does 85 divide 193290?
True
Is 122 a factor of 19185476?
True
Is 98 a factor of 79578058?
True
Is 121876336 a multiple of 764?
True
Is 103 a factor of 11509369?
False
Is 19878053 a multiple of 1315?
False
Is 15793536 a multiple of 48?
True
Is 506542414 a multiple of 14?
True
Does 4288 divide 235507812?
False
Is 23 a factor of 8254853?
False
Is 3 a factor of 260636284?
False
Is 533830351 a multiple of 2112?
False
Is 304988824 a multiple of 268?
True
Is 14501724 a multiple of 274?
True
Does 8539 divide 1150732718?
True
Is 10 a factor of 51233072?
False
Is 1567709832 a multiple of 5772?
True
Is 116 a factor of 15441224?
True
Is 927659442 a multiple of 7386?
True
Is 5460642 a multiple of 256?
False
Is 129641950 a multiple of 12?
False
Is 12 a factor of 539212472?
False
Is 4995 a factor of 174030795?
True
Does 46 divide 958731448?
True
Is 347 a factor of 2085216?
False
Is 1981 a factor of 11634413?
True
Does 3081 divide 58809330?
False
Is 62273316 a multiple of 98?
True
Is 18 a factor of 209104198?
False
Is 197827900 a multiple of 1236?
False
Does 752 divide 16671197?
False
Is 12118250 a multiple of 50?
True
Is 5 a factor of 6833895?
True
Does 15 divide 71074170?
True
Is 90 a factor of 1345453650?
True
Does 28 divide 30285416?
True
Does 260 divide 721377280?
True
Does 75 divide 104587652?
False
Is 356 a factor of 356094254?
False
Is 4030375 a multiple of 3?
False
Is 59 a factor of 260429873?
False
Does 4 divide 1897895513?
False
Is 232 a factor of 228318547?
False
Does 309 divide 22048034?
False
Is 685 a factor of 1452610425?
False
Is 1027303194 a multiple of 550?
False
Does 6 divide 14966946?
True
Is 23935188 a multiple of 4?
True
Is 67 a factor of 1021249979?
True
Is 516 a factor of 952923398?
False
Does 165 divide 776371860?
True
Is 15950422 a multiple of 39?
False
Does 3 divide 17601953?
False
Does 328 divide 7276352?
True
Is 195086 a multiple of 23?
True
Is 60740520 a multiple of 120?
True
Does 48 divide 394187241?
False
Does 10 divide 324083132?
False
Is 2177917710 a multiple of 2071?
False
Is 5579745 a multiple of 25?
False
Is 48 a factor of 215911201?
False
Is 286 a factor of 6945412?
False
Does 2696 divide 646452280?
False
Is 2096299681 a multiple of 553?
True
Does 16 divide 1183220926?
False
Is 3 a factor of 773120707?
False
Is 449188590 a multiple of 5?
True
Is 53 a factor of 14986174?
True
Is 77 a factor of 5327553?
True
Is 23 a factor of 36217069?
False
Does 541 divide 104240962?
True
Is 97458904 a multiple of 13?
False
Is 89 a factor of 13355827?
False
Is 33 a factor of 120038121?
False
Is 690139945 a multiple of 3916?
False
Is 23 a factor of 442859692?
False
Is 239283407 a multiple of 85?
False
Does 82 divide 3979415?
False
Is 950 a factor of 1368950305?
False
Does 153 divide 217278972?
True
Is 126118122 a multiple of 10?
False
Is 1708415 a multiple of 2?
False
Is 452210134 a multiple of 1992?
False
Is 